141*s + 730. Calculate the remainder when 997 is divided by l(5).
22
Let w(x) = x**3 - 70*x**2 + 11*x - 13. Calculate the remainder when w(70) is divided by 76.
73
Let p(q) = q**3 + 31*q**2 + 107*q - 9. Let b(s) = s**2 + 11*s + 16. Calculate the remainder when b(-12) is divided by p(-27).
10
Suppose -21 - 3 = 4*y. Calculate the remainder when 144 is divided by -98*(y + 22/4).
46
Let f = 9332 - 9260. Calculate the remainder when 183 is divided by f.
39
Suppose -3*g - 3 = 3, 0 = -s - 2*g + 29. What is the remainder when ((-20)/(-50))/(-2 - 791/(-395)) is divided by s?
26
Suppose -641 = -51*x + 430. What is the remainder when 34 is divided by x?
13
Let k = 901 - 859. Suppose 3*b + 3*g = k, 4*b - 3*g - 15 = 13. Calculate the remainder when 158 is divided by b.
8
Suppose 0*p = 4*p - 1184. Suppose -3*s + 106 = -p. Let x(r) = -r**2 + 205*r - 3349. What is the remainder when s is divided by x(187)?
15
Suppose 5*a - 5*q + 45 = 0, 9 + 12 = -a - 3*q. Let h = 69 - 38. Calculate the remainder when (604/a)/(-1 - 8/(-12)) is divided by h.
27
Let z(v) = -v**2 + 14*v - 13. Let s be z(11). Suppose 15*c = s*c - 100. What is the remainder when 87 is divided by c?
7
Let y(p) = p**3 + 14*p**2 + 10*p - 17. Calculate the remainder when 195 is divided by y(-13).
19
Suppose 22*p - 139*p + 12880 = -5*p. Calculate the remainder when 151 is divided by p.
36
Let x(i) = 11*i**2 - i - 5. Let g(n) = 3*n + 20. Let k be g(-6). Calculate the remainder when x(4) is divided by 6/((-1)/k + 144/224).
41
Suppose -3154 = -9*c + 32. Suppose 305*m - c = 302*m. Calculate the remainder when m is divided by 20.
18
Suppose 122*s = 126*s - 1016. Let j = s - 180. Calculate the remainder when j is divided by 20.
14
Suppose 4*n + 183 = w, -3*w + 62*n + 556 = 57*n. What is the remainder when w is divided by 50?
37
What is the remainder when 953 is divided by (530/(-4) - 1 - -3)/((-3)/2)?
83
Let i(g) = g**3 - g**2 + 6*g + 115. Calculate the remainder when i(0) is divided by 58.
57
Let x(v) = v**3 + 15*v**2 + 13*v - 13. Let p be x(-14). Let l be (6*(-5)/(-10))/p. Suppose -6*n + 414 = l*n. Calculate the remainder when n is divided by 25.
21
Suppose 3*q + p = -3, -2*p - 3 = -2*q + 5*q. Calculate the remainder when (q - -12)/(1/2) is divided by (14/(-2) + 1)/(-1).
4
Let v(r) = -r**3 + 26*r**2 - 25*r + 51. What is the remainder when 621 is divided by v(25)?
9
Let f(p) = -p**3 + 19*p**2 - 13*p + 12. Let c be (-107)/(-6) - (-16)/96. What is the remainder when f(c) is divided by (-51)/(-2) + (-2)/(-4)?
24
Suppose 3362 + 1509 = 19*d + 1185. What is the remainder when 918 is divided by d?
142
Let c(n) = 4*n**2 - 31*n - 444. What is the remainder when c(-14) is divided by 139?
79
Suppose 6*a - 567 - 345 = 0. Calculate the remainder when 230 is divided by -70 + a + (-3)/1.
72
Suppose -15*p + 2*j = -10*p - 146, 110 = 4*p - 5*j. Calculate the remainder when 4799 is divided by p.
29
What is the remainder when (15 - 32/4) + 2646/9 is divided by 66?
37
Suppose 0*p - 3*p + 111 = 5*r, -2*r - 216 = -5*p. Let q = -289008 - -289048. What is the remainder when p is divided by q?
2
Suppose 4*s - d + 4*d = -27, 2*s = 4*d + 14. Calculate the remainder when 107 is divided by 16/(-72)*s*18.
11
Suppose 4*w = 3*d - 18, 0*d - d - 3*w = 7. Suppose -d*z = -6, 3*f + 186 = 2*z - 0*z. Let b = 99 + f. What is the remainder when 231 is divided by b?
36
Let j = 28 - -12. Let w = 81 - j. Let z = w + -28. Calculate the remainder when 25 is divided by z.
12
Suppose a = -3*b + 147, 17*a - 13*a = 2*b - 112. Suppose -76 = -5*n - o, 5*o - 15 = -4*n + b. What is the remainder when 207 is divided by n?
12
Suppose 1013 = -13*n + 4770. Suppose n = -16*f + 1057. What is the remainder when 138 is divided by f?
42
Let x = 341 + -322. Let l(p) = 6*p - 42. What is the remainder when l(x) is divided by 608/24 + (-1)/3?
22
Suppose 0 = 3*f - 2*m - 1447, -13*f + 2*m + 966 = -11*f. Let k = f - 478. What is the remainder when 55 is divided by k?
1
Suppose -3*d + 4*d = 5*y + 60, -76 = -d - 3*y. Let z(k) be the first derivative of -7*k**2/2 - 59*k - 2. What is the remainder when d is divided by z(-11)?
16
Let g(s) = 39*s**2 + 218*s - 871. What is the remainder when g(4) is divided by 53?
42
Suppose 54 = g + 2*t, -g + 26*t + 54 = 30*t. What is the remainder when g is divided by 14?
12
Let c be (-5 + (2 - -5))/(2/14). Let q = 85 - c. What is the remainder when q is divided by 8?
7
Suppose 215*t - 650 - 526 = 19*t. Suppose -4*d = 5*r + 1 - 126, -64 = -4*r + 4*d. What is the remainder when r is divided by t?
3
Let y(a) = -2*a**3 - 18*a**2 + 36*a - 73. What is the remainder when 3567 is divided by y(-11)?
12
Let x(z) = z**3 + 3*z**2 + z + 7. Suppose 746*l - 16826 = -3470 + 19468. What is the remainder when x(5) is divided by l?
36
Let b = 626 + -624. Suppose -5*z = -b*p - 122, -4*z - 3*p = -2*z - 64. What is the remainder when 92 is divided by z?
14
Suppose -107*r = -28956 - 4535. What is the remainder when 324 is divided by r?
11
What is the remainder when (-363)/33 + 21 + 2*139 is divided by 85?
33
Let h(a) = -163*a - 2910. Calculate the remainder when 54 is divided by h(-18).
6
Let s(g) = 6*g + 1. Suppose -291*y + 49*y = 210*y - 39324. What is the remainder when y is divided by s(5)?
25
Let c(z) = 3*z**2 - 25*z + 32. Let k be c(7). Suppose k*n - 1594 = 594. Calculate the remainder when n is divided by 61.
59
Suppose 4*h + 5*t - 2784 = t, -2788 = -4*h - 5*t. Let g = -392 + h. Suppose 30*d + g = 36*d. Calculate the remainder when 99 is divided by d.
49
Calculate the remainder when (-2177)/(-1244) + (-977)/(-4) is divided by 51.
42
Let j(m) = 13*m - 14. Let g be j(10). Suppose 3*f - 4*t = 52, 5*f - 9 - g = -t. What is the remainder when 35 is divided by f?
11
Suppose -274*m + 136*m + 1794 = 0. What is the remainder when 3041 is divided by m?
12
Suppose 27*s = 20*s + 322. Let b = s - -1. What is the remainder when 2*1/(-2) + 280 is divided by b?
44
Let a = -287 - -288. Suppose f + 2*f = 4*d - 817, 4*d - 259 = f. What is the remainder when a/(f/(-69) - 4) is divided by 9?
5
Let y(l) = l**3 - 4*l**2 + 9*l - 20. Let g be y(3). Calculate the remainder when 32 is divided by 0 + 19/((-2)/g).
13
Suppose -52*x = -46*x - 66. Let f = 1 + x. Calculate the remainder when f is divided by 9.
3
Calculate the remainder when (4/(-70))/(1/5)*-6307 is divided by 86.
82
Suppose -4*c + 3*w + 2*w = -419, -3*c = -w - 317. Suppose 111*b - 50 = c*b. What is the remainder when 247 is divided by b?
7
Let c(h) = -h**2 - 72*h - 1059. Calculate the remainder when 1878 is divided by c(-29).
186
Let p = -6 - -12. What is the remainder when 7296/(-144) + 50 + 0 + 467/3 is divided by p?
5
Suppose 75*c - 11 = 73*c - b, -4*b = -12. Suppose -16 = c*j, -92 - 57 = -o - j. Calculate the remainder when o is divided by 49.
6
Suppose g + 0 = -1, 4*z = 5*g + 49. Let a = -235 + 309. Calculate the remainder when a is divided by z.
8
Suppose -24 = -4*g, -3*j - 92*g + 2343 = -85*g. What is the remainder when j is divided by 80?
47
Suppose 0 = 4*a + 2*t - 34, 14*a - 17*a + 13 = 4*t. Suppose -a*p + 158 + 172 = 0. What is the remainder when p is divided by 10?
0
Let v = 23 + -21. Let u be v/(-13) + 48/(-26). Let j = u + 11. What is the remainder when 61 is divided by j?
7
Let u(s) = -10*s**3 + 9*s**2 - s + 20. Let f(l) = 10*l**3 - 10*l**2 - 21. Let a(k) = -5*f(k) - 6*u(k). What is the remainder when a(3) is divided by 15?
12
Let v(z) = 3*z + 703. What is the remainder when v(125) is divided by 120?
118
Calculate the remainder when (-142828)/(-49) + -1 - 270/315 is divided by 52.
1
Let k(y) = y - 3. Let z be k(2). Let a be ((z - 1) + (-12 - -13))*-4. Suppose a*n - 39 + 11 = 0. What is the remainder when 11 is divided by n?
4
Let l = -12 + 16. Suppose -36 = -4*f + 2*q + 34, f - l*q = 0. Suppose 20 = -2*u + 170. What is the remainder when u is divided by f?
15
Suppose 3*a - 4*a = -2*v, 28 = -a - 5*v. Let s(i) = -21*i + 85. Calculate the remainder when s(a) is divided by 8.
5
Let p = 139 + -87. Suppose -v = -2*t - 33, v = 3*t - 20 + p. What is the remainder when 53 is divided by v?
18
Suppose 3*t + 13*d = 8*d + 23550, -t + 2*d + 7872 = 0. Calculate the remainder when t is divided by 2620.
0
Suppose -3*a + 17 + 58 = 0. Suppose -7*u + 10 = -a. Suppose -2*o + 70 - 12 = 0. Calculate the remainder when o is divided by